{"id":118,"date":"2023-03-27T08:42:31","date_gmt":"2023-03-27T14:42:31","guid":{"rendered":"https:\/\/filosoficas.umich.mx\/coloquio\/?page_id=118"},"modified":"2024-04-23T19:54:02","modified_gmt":"2024-04-24T01:54:02","slug":"resumen-de-ponencias","status":"publish","type":"page","link":"https:\/\/filosoficas.umich.mx\/coloquio\/resumen-de-ponencias\/","title":{"rendered":"Resumen de ponencias"},"content":{"rendered":"\n<p>Resumen de ponencias del II Coloquio Internacional de Filosof\u00eda. Praxis y vida cotidiana: \u00c9thos y medio ambiente.<\/p>\n\n\n\n<div data-wp-interactive=\"core\/file\" class=\"wp-block-file\"><object data-wp-bind--hidden=\"!state.hasPdfPreview\" hidden class=\"wp-block-file__embed\" data=\"https:\/\/filosoficas.umich.mx\/coloquio\/wp-content\/uploads\/2024\/04\/II-Coloquio-Resumenes_compressed.pdf\" type=\"application\/pdf\" style=\"width:100%;height:600px\" aria-label=\"Incrustado de II-Coloquio-Resumenes_compressed.\"><\/object><a id=\"wp-block-file--media-b28e0141-96d3-4104-b1b1-e56fd0b8f229\" href=\"https:\/\/filosoficas.umich.mx\/coloquio\/wp-content\/uploads\/2024\/04\/II-Coloquio-Resumenes_compressed.pdf\">II-Coloquio-Resumenes_compressed<\/a><a href=\"https:\/\/filosoficas.umich.mx\/coloquio\/wp-content\/uploads\/2024\/04\/II-Coloquio-Resumenes_compressed.pdf\" class=\"wp-block-file__button wp-element-button\" download aria-describedby=\"wp-block-file--media-b28e0141-96d3-4104-b1b1-e56fd0b8f229\">Descarga<\/a><\/div>\n\n\n\n<hr class=\"wp-block-separator has-alpha-channel-opacity\"\/>\n\n\n\n<p>Resumen de ponencias del I Coloquio Internacional de Filosof\u00eda: Praxis y vida cotidiana.<\/p>\n\n\n\n<div data-wp-interactive=\"core\/file\" class=\"wp-block-file\"><object data-wp-bind--hidden=\"!state.hasPdfPreview\" hidden class=\"wp-block-file__embed\" data=\"https:\/\/filosoficas.umich.mx\/coloquio\/wp-content\/uploads\/2023\/03\/resumen-de-ponencias-1.pdf\" type=\"application\/pdf\" style=\"width:100%;height:600px\" aria-label=\"Incrustado de resumen-de-ponencias-1.\"><\/object><a id=\"wp-block-file--media-41739338-771e-4a0a-8502-cad6b75f7a09\" href=\"https:\/\/filosoficas.umich.mx\/coloquio\/wp-content\/uploads\/2023\/03\/resumen-de-ponencias-1.pdf\">resumen-de-ponencias-1<\/a><a href=\"https:\/\/filosoficas.umich.mx\/coloquio\/wp-content\/uploads\/2023\/03\/resumen-de-ponencias-1.pdf\" class=\"wp-block-file__button wp-element-button\" download aria-describedby=\"wp-block-file--media-41739338-771e-4a0a-8502-cad6b75f7a09\">Descarga<\/a><\/div>\n","protected":false},"excerpt":{"rendered":"<p>Resumen de ponencias del II Coloquio Internacional de Filosof\u00eda. Praxis y vida cotidiana: \u00c9thos y medio ambiente. Resumen de ponencias del I Coloquio Internacional de Filosof\u00eda: Praxis y vida cotidiana.<\/p>\n","protected":false},"author":1,"featured_media":0,"parent":0,"menu_order":0,"comment_status":"closed","ping_status":"closed","template":"","meta":{"footnotes":""},"class_list":["post-118","page","type-page","status-publish","hentry"],"_links":{"self":[{"href":"https:\/\/filosoficas.umich.mx\/coloquio\/wp-json\/wp\/v2\/pages\/118","targetHints":{"allow":["GET"]}}],"collection":[{"href":"https:\/\/filosoficas.umich.mx\/coloquio\/wp-json\/wp\/v2\/pages"}],"about":[{"href":"https:\/\/filosoficas.umich.mx\/coloquio\/wp-json\/wp\/v2\/types\/page"}],"author":[{"embeddable":true,"href":"https:\/\/filosoficas.umich.mx\/coloquio\/wp-json\/wp\/v2\/users\/1"}],"replies":[{"embeddable":true,"href":"https:\/\/filosoficas.umich.mx\/coloquio\/wp-json\/wp\/v2\/comments?post=118"}],"version-history":[{"count":5,"href":"https:\/\/filosoficas.umich.mx\/coloquio\/wp-json\/wp\/v2\/pages\/118\/revisions"}],"predecessor-version":[{"id":166,"href":"https:\/\/filosoficas.umich.mx\/coloquio\/wp-json\/wp\/v2\/pages\/118\/revisions\/166"}],"wp:attachment":[{"href":"https:\/\/filosoficas.umich.mx\/coloquio\/wp-json\/wp\/v2\/media?parent=118"}],"curies":[{"name":"wp","href":"https:\/\/api.w.org\/{rel}","templated":true}]}}

<p>Resumen de ponencias del II Coloquio Internacional de Filosofía. Praxis y vida cotidiana: Éthos y medio ambiente.</p>



<div data-wp-interactive="core/file" class="wp-block-file"><object data-wp-bind--hidden="!state.hasPdfPreview" hidden class="wp-block-file__embed" data="https://filosoficas.umich.mx/coloquio/wp-content/uploads/2024/04/II-Coloquio-Resumenes_compressed.pdf" type="application/pdf" style="width:100%;height:600px" aria-label="Incrustado de II-Coloquio-Resumenes_compressed."></object><a id="wp-block-file--media-b28e0141-96d3-4104-b1b1-e56fd0b8f229" href="https://filosoficas.umich.mx/coloquio/wp-content/uploads/2024/04/II-Coloquio-Resumenes_compressed.pdf">II-Coloquio-Resumenes_compressed</a><a href="https://filosoficas.umich.mx/coloquio/wp-content/uploads/2024/04/II-Coloquio-Resumenes_compressed.pdf" class="wp-block-file__button wp-element-button" download aria-describedby="wp-block-file--media-b28e0141-96d3-4104-b1b1-e56fd0b8f229">Descarga</a></div>



<hr class="wp-block-separator has-alpha-channel-opacity"/>



<p>Resumen de ponencias del I Coloquio Internacional de Filosofía: Praxis y vida cotidiana.</p>



<div data-wp-interactive="core/file" class="wp-block-file"><object data-wp-bind--hidden="!state.hasPdfPreview" hidden class="wp-block-file__embed" data="https://filosoficas.umich.mx/coloquio/wp-content/uploads/2023/03/resumen-de-ponencias-1.pdf" type="application/pdf" style="width:100%;height:600px" aria-label="Incrustado de resumen-de-ponencias-1."></object><a id="wp-block-file--media-41739338-771e-4a0a-8502-cad6b75f7a09" href="https://filosoficas.umich.mx/coloquio/wp-content/uploads/2023/03/resumen-de-ponencias-1.pdf">resumen-de-ponencias-1</a><a href="https://filosoficas.umich.mx/coloquio/wp-content/uploads/2023/03/resumen-de-ponencias-1.pdf" class="wp-block-file__button wp-element-button" download aria-describedby="wp-block-file--media-41739338-771e-4a0a-8502-cad6b75f7a09">Descarga</a></div>

<p>Resumen de ponencias del II Coloquio Internacional de Filosofía. Praxis y vida cotidiana: Éthos y medio ambiente. Resumen de ponencias del I Coloquio Internacional de Filosofía: Praxis y vida cotidiana.</p>
